{"id":1095,"date":"2022-06-21T12:31:25","date_gmt":"2022-06-21T10:31:25","guid":{"rendered":"https:\/\/www.radioalcuadrado.es\/noticias\/?post_type=podcasts_yoconestos&#038;p=1095"},"modified":"2022-06-21T12:31:25","modified_gmt":"2022-06-21T10:31:25","slug":"el-huso-horario","status":"publish","type":"podcasts_yoconestos","link":"https:\/\/www.radioalcuadrado.es\/noticias\/podcasts_yoconestos\/el-huso-horario\/","title":{"rendered":"El huso horario"},"content":{"rendered":"\n<p>Hoy es 9 de junio y en YCEP hablamos de efem\u00e9rides y tambi\u00e9n sobre el huso horario. En nuestra secci\u00f3n de cine Sonia nos habla sobre Jurassic World Dominion, la nueva temporada de Stranger Things y mucho m\u00e1s!! \u00bfTe unes a la tertulia? \ud83d\ude09<\/p>\n\n\n\n<figure class=\"wp-block-audio\"><audio controls src=\"https:\/\/www.radioalcuadrado.es\/noticias\/wp-content\/uploads\/2022\/06\/YCEP_2022_06_09_teloneroeurovision.mp3\"><\/audio><figcaption>YCEP &#8211; 09\/06\/2022<\/figcaption><\/figure>\n","protected":false},"excerpt":{"rendered":"<p>Hoy es 9 de junio y en YCEP hablamos de efem\u00e9rides y tambi\u00e9n sobre el huso horario. En nuestra secci\u00f3n de cine Sonia nos habla sobre Jurassic World Dominion, la nueva temporada de Stranger Things y mucho m\u00e1s!! \u00bfTe unes a la tertulia? \ud83d\ude09<\/p>\n","protected":false},"featured_media":1097,"template":"","categories":[],"class_list":["post-1095","podcasts_yoconestos","type-podcasts_yoconestos","status-publish","has-post-thumbnail","hentry"],"acf":[],"_links":{"self":[{"href":"https:\/\/www.radioalcuadrado.es\/noticias\/wp-json\/wp\/v2\/podcasts_yoconestos\/1095","targetHints":{"allow":["GET"]}}],"collection":[{"href":"https:\/\/www.radioalcuadrado.es\/noticias\/wp-json\/wp\/v2\/podcasts_yoconestos"}],"about":[{"href":"https:\/\/www.radioalcuadrado.es\/noticias\/wp-json\/wp\/v2\/types\/podcasts_yoconestos"}],"wp:featuredmedia":[{"embeddable":true,"href":"https:\/\/www.radioalcuadrado.es\/noticias\/wp-json\/wp\/v2\/media\/1097"}],"wp:attachment":[{"href":"https:\/\/www.radioalcuadrado.es\/noticias\/wp-json\/wp\/v2\/media?parent=1095"}],"wp:term":[{"taxonomy":"category","embeddable":true,"href":"https:\/\/www.radioalcuadrado.es\/noticias\/wp-json\/wp\/v2\/categories?post=1095"}],"curies":[{"name":"wp","href":"https:\/\/api.w.org\/{rel}","templated":true}]}}

<p>Hoy es 9 de junio y en YCEP hablamos de efemérides y también sobre el huso horario. En nuestra sección de cine Sonia nos habla sobre Jurassic World Dominion, la nueva temporada de Stranger Things y mucho más!! ¿Te unes a la tertulia? 😉</p>



<figure class="wp-block-audio"><audio controls src="https://www.radioalcuadrado.es/noticias/wp-content/uploads/2022/06/YCEP_2022_06_09_teloneroeurovision.mp3"></audio><figcaption>YCEP &#8211; 09/06/2022</figcaption></figure>

<p>Hoy es 9 de junio y en YCEP hablamos de efemérides y también sobre el huso horario. En nuestra sección de cine Sonia nos habla sobre Jurassic World Dominion, la nueva temporada de Stranger Things y mucho más!! ¿Te unes a la tertulia? 😉</p>
